 43. Let a be i(-39). Suppose -a*o + 1884 = 3*n, -3*n - o + 1404 = -471. What is the tens digit of n?
2
Let l be (-5 - -2) + (-3 - -12). Suppose -l*s + 14 = -4. Suppose s*w - 44 = 2*a, -2*w - 3*w - 2*a + 68 = 0. What is the tens digit of w?
1
Suppose 182*b + 19280060 = 239*b + 323*b. What is the ten thousands digit of b?
5
Let h(o) = 14*o + 5. Let k be h(1). Suppose 6*l - k*l = -7735. What is the units digit of l?
5
What is the tens digit of (105/220 + 6/22)*(0 - -12028)?
2
Let g be (-4)/(-14) - (-6344)/91. Suppose g = 6*o - 146. Suppose 0 = -3*b - 6, -m + 3*m = -2*b + o. What is the tens digit of m?
2
Let r(m) = -5*m + 7. Let y be r(-2). Suppose 24*j = y*j + 3143. What is the hundreds digit of j?
4
Let s be (-3 - 4 - -4) + 2862/2. Let h = s - 532. What is the tens digit of h?
9
Let y(j) = -3*j**2 + 36*j - 15. Suppose 2*u - 22 = 2*a, -3*u = -0*u - a - 29. What is the units digit of y(u)?
6
Let d(n) = -3*n**3 + 5*n**2 + 4*n + 7. Suppose 0 = -3*c - 62 + 11. Let r be 7*(-7)/17 + 2/c. What is the units digit of d(r)?
1
Let v(a) = a**2 - 13*a - 66. Let q be v(17). Suppose -q*t - 276 = -3*n - 930, -8 = -2*n. What is the hundreds digit of t?
3
Let f be ((-15)/(-9))/(0 - 2/(-156)). Let k = -124 + f. Suppose -9*d + k*d + 219 = 0. What is the tens digit of d?
7
Let u = -50808 + 102988. What is the units digit of u?
0
Let p = 1514 - -17687. What is the tens digit of p?
0
Suppose -38*w - 709512 = -181*w - 5*w. What is the tens digit of w?
9
Let n be (-1472)/(-352) - 4/22. Suppose -2*s + 694 = 3*s - k, -n = -4*k. What is the units digit of s?
9
Let c = 84 + -10. Suppose -8*s - 62 = 26. Let r = s + c. What is the tens digit of r?
6
Let l(g) = 68*g + 257. Let h be l(23). Let w = h + -928. What is the hundreds digit of w?
8
Let c = -988 + 2703. What is the units digit of c?
5
Suppose 0 = 3*j - 2*k + 2161, j - 4*k + 260 = -447. Let q = j - -2329. What is the units digit of q?
6
Let a = 70 + -67. Suppose 0 = 3*m + 5*l - 37, -2*m - 3*m + 3*l + 5 = 0. What is the units digit of (-3 + 12/a)*(m + 9)?
3
Suppose -4*k = 37 - 345. Suppose m + 620 = 6*m. Let u = m - k. What is the tens digit of u?
4
Let w(k) = -2*k**3 - 6*k**2 - 3 - 2 + 4 + k**3 - 5*k**2 - k. Let j be (11/3)/((-1)/3). What is the tens digit of w(j)?
1
Suppose 2922 = -d + 9027. What is the tens digit of d?
0
Let v = -66 + 255. Let w be ((-2)/7)/((-9)/v). What is the units digit of 1/w - 88/(-48)?
2
Suppose 15*u = 30*u + 5190. Let c = 674 - u. What is the hundreds digit of c?
0
Let z = -13145 + 24321. What is the hundreds digit of z?
1
Let f(s) = -1725*s + 9124. What is the hundreds digit of f(-22)?
0
What is the tens digit of 856/642*3/((-3950)/3952 - -1)?
0
Let j(h) = h**2 + 17*h - 33. Let o be j(-18). Let k be (0 + -3)/((-3)/6). What is the units digit of (-237)/(-4 - o/k)?
8
Suppose -2*p - j + 40492 = 0, 15*p = 10*p - 3*j + 101232. What is the ten thousands digit of p?
2
Let g = 368 + 3677. What is the units digit of g?
5
Suppose -h - 659 = -3*h + o, -986 = -3*h + 2*o. Let d = 648 - h. What is the tens digit of d?
1
Let w(l) = -18*l**2 - 5*l - 6. Let a be w(-3). Suppose i - 124 - 93 = 0. Let j = a + i. What is the units digit of j?
4
Let f be -1 - (-1 + 1)/1. Suppose 9*d = 35*d - 1924. What is the tens digit of 1 - f*d*1?
7
Let a = 32200 - 18257. What is the units digit of a?
3
Let h(s) = 15*s**2 + 40*s - 3298. What is the thousands digit of h(-47)?
7
Suppose 4*c + 4 + 0 = 2*v, -6 = -2*c + 5*v. Let k be 111 + 4*(1 + c). Let h = k - 49. What is the units digit of h?
8
Suppose -14*i + 20*i + 24 = 0. What is the units digit of (-100674)/84*i/6?
9
Let w(b) = -13*b - 77. Let q be w(-6). Let d be (48/(-40))/(q + 7/(-5)). Suppose d*c + 3*k = 621, 412 = 3*c + k - 205. What is the units digit of c?
5
Suppose 5*r - 25 + 10 = -5*d, -2*d = 4*r - 10. Let v(g) = 14 - 200*g + g**3 + 0*g**r + g**2 + 201*g. What is the tens digit of v(0)?
1
What is the ten thousands digit of 7/(-7*(-20)/571240)?
2
Let g = -479 + 483. Suppose -5*u + 3340 = -3*z, -g*u + 3*z - 425 + 3097 = 0. What is the hundreds digit of u?
6
What is the tens digit of (-7 - 20/(-3)*3) + 69781?
9
Suppose -68 = -9*o - 8*o. Suppose 0*v - 2*q = -5*v + 1476, -5*v - o*q + 1458 = 0. What is the units digit of v?
4
Suppose 16023*s - 2279284 = 15974*s. What is the thousands digit of s?
6
What is the units digit of 17344 + (-180)/15 + 17?
9
Let q be ((-3)/5 + 6/(-15))*2. Let n be 2676/(-13) + q/13. Let h = 295 + n. What is the tens digit of h?
8
Let k(f) = f**3 - 4*f**2 - 10*f - 17. Let s be k(6). Let r be (s + 2 - 1) + 4/1. Suppose 5*x - 454 - 436 = r. What is the units digit of x?
8
Suppose -1069050 = 165*h - 232*h + 1475677. What is the hundreds digit of h?
9
Suppose 0 = -6*k + 3*k - 3*a + 9675, 0 = -a - 5. Let z = k + -1679. What is the tens digit of z?
5
Let h(a) = 783*a - 2262. What is the units digit of h(13)?
7
Let v(h) = 105 - 13*h - h**2 + 150 + 334. What is the tens digit of v(0)?
8
Suppose -3*m = 0, -5*m - 25682 - 26510 = -4*f. What is the hundreds digit of f?
0
Suppose 4*l + 20 = -4*f, -2 = 2*l + 8. Suppose f = 2*w + 25 + 35. Let y = w - -33. What is the units digit of y?
3
Let l(y) be the second derivative of 26*y**3/3 + 17*y**2 - 14*y + 1. What is the units digit of l(6)?
6
Let o(f) = -f**2 - 14*f - 45. Let m be o(-10). What is the hundreds digit of (9710/(-4))/m - 4/8?
4
Suppose -3*d - 27984 = -3*f, 22*d - 17*d = -f + 9358. What is the units digit of f?
3
Suppose 4*n = -3*r + 231, -2*r + 5*r - 222 = -n. Let a = 66 - r. What is the tens digit of (150 - (-2 + 3)) + (-7)/a?
5
Let r be ((-25)/(-20))/(1/4). Let x be (-3 - (-3 - 2)) + 322. Suppose -59 = r*g - x. What is the tens digit of g?
5
Let c be (848/6)/(-1 - (-35)/21). Let j = 9 - 0. Suppose -c = -j*h - 50. What is the units digit of h?
8
Let g(s) = 161*s + 3 + 53*s + 50*s. Let n(p) = -528*p - 7. Let r(o) = -5*g(o) - 2*n(o). What is the tens digit of r(-1)?
6
Let f(g) = g**3 - 20*g**2 - 20*g - 13. Suppose -2*k + 2*l = -32, -2*k - l = -4*l - 27. Let n be f(k). Suppose -n*r - r + 1440 = 0. What is the tens digit of r?
6
Let v = 50 - 37. Let j(k) = k**3 - 14*k**2 + 12*k + 19. Let w be j(v). Suppose -n + 1 - w = 0, -4*c - 3*n = -301. What is the tens digit of c?
7
Let s(k) = k**3 + 18*k**2 - 302*k + 86. What is the thousands digit of s(14)?
2
Let b be -7 + (3 - 2)*-2. Let v(k) = -k - 3. Let q be v(b). Suppose -q*h - 202 = -4*t - h, 0 = -t + h + 50. What is the units digit of t?
8
Suppose -2419 = -19*d - 766. Suppose 3*v + 2*v = 40. Suppose 7*p = v*p - d. What is the units digit of p?
7
Let i(o) = -436*o - 2214. What is the thousands digit of i(-27)?
9
Suppose 4*m = 13*m - 1440. Suppose 0 = 22*w - 12204 - m. What is the tens digit of w?
6
Let d be 16*((-342)/(-6) - 4). Let v = -536 + d. What is the tens digit of v?
1
Suppose 0 = 9*b + 40*b - 490. Let n(d) = d**3 - 9*d**2 - 19 + 3*d**3 - d - 3*d**3. What is the units digit of n(b)?
1
Let r(m) be the second derivative of m**5/20 + 5*m**4/2 + 29*m**3/6 - 17*m**2 - 35*m + 3. What is the hundreds digit of r(-28)?
7
Suppose 0 = -3*k - 247 + 211. What is the tens digit of (-6171)/k - 18/(-24)?
1
Suppose -5*o = 10, 2*o - 2948 = -h + 2701. What is the hundreds digit of h?
6
Let z be ((-11)/4 + 2)/((-8)/4864). Suppose -2*u + d = -527 - 352, -u - 5*d + z = 0. What is the tens digit of u?
4
Suppose 0 = 119*g - 125*g + 37404. What is the units digit of g?
4
What is the units digit of 6146/3*3240/945?
4
Suppose -116832 = -15*i + 85464 + 7989. What is the units digit of i?
9
What is the tens digit of (-18)/162 + 5/(-9)*(-39380)/25?
7
Let o(y) = 21*y**3 + 3*y**2 - 5*y + 4. Let j(v) = v**2 + 18*v + 18. Let a be j(-17). Let m be o(a). Suppose -420 = m*s - 27*s. What is the units digit of s?
5
Let a(x) = -243*x**2 + 5*x + 7. Let t(l) = -122*l**2 + 2*l + 3. Suppose -14*o = -22*o + 24. Let h(s) = o*a(s) - 7*t(s). What is the tens digit of h(-1)?
2
Suppose 4*c = w - 1554, -c - 124 - 1442 = -w. Let p = w + -1083. What is the units digit of p?
7
Let a(x) = 3*x**2 + 41*x - 49. Let i = 204 - 222. What is the tens digit of a(i)?
8
Let h(m) = m**3 - 17*m**2 + 11*m - 30. Let p be h(16). What is the tens digit of (8*(-7)/(-140))/((-2)/p)?
2
Suppose 3*b - 179454 = -5*s, 3*s - 5*b = 65736 + 41916. What is the units digit of s?
9
Suppose 174*u - 2122939 = -163873. What is the hu